{"id":195,"date":"2023-11-17T17:59:39","date_gmt":"2023-11-17T17:59:39","guid":{"rendered":"https:\/\/toral.ar\/?page_id=195"},"modified":"2025-08-11T17:11:15","modified_gmt":"2025-08-11T20:11:15","slug":"costos-ap-10","status":"publish","type":"page","link":"https:\/\/toral.ar\/index.php\/costos-ap-10\/","title":{"rendered":"Costos AP 10"},"content":{"rendered":"\n<p class=\"has-text-align-left\"><strong><mark style=\"background-color:rgba(0, 0, 0, 0);color:#035cea\" class=\"has-inline-color\">Colocar la cantidad de Personas <\/mark><\/strong><\/p>\n\n\n<div class=\"wpdt-c\">\n    <div class=\"alert alert-danger m-10\" role=\"alert\">\n        <span class=\"wdt-alert-title f-600\">Error<br><\/span>\n        <span class=\"wdt-alert-subtitle\">You are trying to load a table of an unknown type. Probably you did not activate the addon which is required to use this table type.<\/span>\n    <\/div>\n<\/div>\n\n\n\n<p>Opci\u00f3n 1: Muerte e incapacidad total o parcial y permanente hasta $ 5.000.000 y reembolso por asistencia m\u00e9dica por accidentes hasta $ 500.000.<\/p>\n\n\n\n<p>Opci\u00f3n 2: Muerte e incapacidad total o parcial y permanente hasta $ 10.000.000 y reembolso por asistencia m\u00e9dica por accidentes hasta $ 1.000.000.<\/p>\n\n\n\n<p>Opci\u00f3n 3: Muerte e incapacidad total o parcial y permanente hasta $ 15.000.000 y reembolso por asistencia m\u00e9dica por accidentes hasta $ 1.500.000.<\/p>\n\n\n\n<p>Opci\u00f3n 4: Muerte e incapacidad total o parcial y permanente hasta $ 20.000.000 y reembolso por asistencia m\u00e9dica por accidentes hasta $ 2.000.000.<\/p>\n\n\n\n<p><\/p>\n\n\n\n<p><a>ACTIVIDAD PRODUCCION AUDIOVISUALES, FOTOGRAFICAS, EVENTOS<\/a><\/p>\n\n\n\n<p>Cobertura: 24hs. Mundial (sin uso de motos). Deducible: $ 10.000<\/p>\n\n\n\n<p>Costos exclusivamente para personas entre 14 y 69 a\u00f1os. Hasta 8 mts. de altura<\/p>\n\n\n\n<p>Excluye: Doble de riesgos y actividades peligrosas. <\/p>\n","protected":false},"excerpt":{"rendered":"<p>Colocar la cantidad de Personas Opci\u00f3n 1: Muerte e incapacidad total o parcial y permanente hasta $ 5.000.000 y reembolso por asistencia m\u00e9dica por accidentes hasta $ 500.000. Opci\u00f3n 2: Muerte e incapacidad total o parcial y permanente hasta $ 10.000.000 y reembolso por asistencia m\u00e9dica por accidentes hasta $ 1.000.000. Opci\u00f3n 3: Muerte e [&hellip;]<\/p>\n","protected":false},"author":1,"featured_media":0,"parent":0,"menu_order":0,"comment_status":"closed","ping_status":"closed","template":"","meta":{"site-sidebar-layout":"default","site-content-layout":"","ast-site-content-layout":"narrow-width-container","site-content-style":"default","site-sidebar-style":"default","ast-global-header-display":"","ast-banner-title-visibility":"","ast-main-header-display":"","ast-hfb-above-header-display":"","ast-hfb-below-header-display":"","ast-hfb-mobile-header-display":"","site-post-title":"","ast-breadcrumbs-content":"","ast-featured-img":"","footer-sml-layout":"","ast-disable-related-posts":"","theme-transparent-header-meta":"","adv-header-id-meta":"","stick-header-meta":"","header-above-stick-meta":"","header-main-stick-meta":"","header-below-stick-meta":"","astra-migrate-meta-layouts":"set","ast-page-background-enabled":"default","ast-page-background-meta":{"desktop":{"background-color":"var(--ast-global-color-4)","background-image":"","background-repeat":"repeat","background-position":"center center","background-size":"auto","background-attachment":"scroll","background-type":"","background-media":"","overlay-type":"","overlay-color":"","overlay-opacity":"","overlay-gradient":""},"tablet":{"background-color":"","background-image":"","background-repeat":"repeat","background-position":"center center","background-size":"auto","background-attachment":"scroll","background-type":"","background-media":"","overlay-type":"","overlay-color":"","overlay-opacity":"","overlay-gradient":""},"mobile":{"background-color":"","background-image":"","background-repeat":"repeat","background-position":"center center","background-size":"auto","background-attachment":"scroll","background-type":"","background-media":"","overlay-type":"","overlay-color":"","overlay-opacity":"","overlay-gradient":""}},"ast-content-background-meta":{"desktop":{"background-color":"var(--ast-global-color-5)","background-image":"","background-repeat":"repeat","background-position":"center center","background-size":"auto","background-attachment":"scroll","background-type":"","background-media":"","overlay-type":"","overlay-color":"","overlay-opacity":"","overlay-gradient":""},"tablet":{"background-color":"var(--ast-global-color-5)","background-image":"","background-repeat":"repeat","background-position":"center center","background-size":"auto","background-attachment":"scroll","background-type":"","background-media":"","overlay-type":"","overlay-color":"","overlay-opacity":"","overlay-gradient":""},"mobile":{"background-color":"var(--ast-global-color-5)","background-image":"","background-repeat":"repeat","background-position":"center center","background-size":"auto","background-attachment":"scroll","background-type":"","background-media":"","overlay-type":"","overlay-color":"","overlay-opacity":"","overlay-gradient":""}},"footnotes":""},"class_list":["post-195","page","type-page","status-publish","hentry"],"_links":{"self":[{"href":"https:\/\/toral.ar\/index.php\/wp-json\/wp\/v2\/pages\/195","targetHints":{"allow":["GET"]}}],"collection":[{"href":"https:\/\/toral.ar\/index.php\/wp-json\/wp\/v2\/pages"}],"about":[{"href":"https:\/\/toral.ar\/index.php\/wp-json\/wp\/v2\/types\/page"}],"author":[{"embeddable":true,"href":"https:\/\/toral.ar\/index.php\/wp-json\/wp\/v2\/users\/1"}],"replies":[{"embeddable":true,"href":"https:\/\/toral.ar\/index.php\/wp-json\/wp\/v2\/comments?post=195"}],"version-history":[{"count":30,"href":"https:\/\/toral.ar\/index.php\/wp-json\/wp\/v2\/pages\/195\/revisions"}],"predecessor-version":[{"id":369,"href":"https:\/\/toral.ar\/index.php\/wp-json\/wp\/v2\/pages\/195\/revisions\/369"}],"wp:attachment":[{"href":"https:\/\/toral.ar\/index.php\/wp-json\/wp\/v2\/media?parent=195"}],"curies":[{"name":"wp","href":"https:\/\/api.w.org\/{rel}","templated":true}]}}